{"id":3606,"date":"2025-12-05T09:37:38","date_gmt":"2025-12-05T07:37:38","guid":{"rendered":"https:\/\/www.fisiocraneo.com\/politica-de-cancellacio"},"modified":"2026-07-14T19:22:44","modified_gmt":"2026-07-14T17:22:44","slug":"politica-de-cancellacio","status":"publish","type":"page","link":"https:\/\/www.fisiocraneo.com\/ca\/politica-de-cancellacio","title":{"rendered":"Pol\u00edtica de cancel\u00b7laci\u00f3"},"content":{"rendered":"\n<h1 class=\"wp-block-heading\">Pol\u00edtica de cancelaci\u00f3<\/h1>\n\n<p class=\"wp-block-paragraph\">A FisioCraneo treballem amb cita pr\u00e8via per poder oferir una atenci\u00f3 personalitzada i de qualitat a cada pacient. Per al bon funcionament del centre i amb la finalitat de poder oferir aquestes cites als pacients que es troben en llista d&#8217;espera, \u00e9s imprescindible una gesti\u00f3 responsable de les reserves. <\/p>\n\n<p class=\"wp-block-paragraph\">Per aquest motiu, tota cita que <strong>no es realitzi<\/strong> o que sigui <strong>cancel\u00b7lada<\/strong> sense un <strong>av\u00eds previ d&#8217;almenys 48 hores d&#8217;antelaci\u00f3<\/strong> ser\u00e0 considerada com a no atesa i es cobrar\u00e0 el <strong>50 % de l&#8217;import de la visita<\/strong>.<\/p>\n\n<p class=\"wp-block-paragraph\">L&#8217;abonament d&#8217;aquest import ser\u00e0 necessari abans de poder programar una nova cita.<br\/>Agra\u00efm la teva comprensi\u00f3 i col\u00b7laboraci\u00f3, ja que aquesta mesura ens ajuda a optimitzar l&#8217;agenda, reduir els temps d&#8217;espera i oferir el millor servei possible a tots els nostres pacients.<\/p>\n\n<p class=\"wp-block-paragraph\">En cas que les inassist\u00e8ncies o les cancel\u00b7lacions fora de termini es repeteixin, el centre es reserva el dret de:<\/p>\n\n<ul class=\"wp-block-list\">\n<li>Sol\u00b7licitar el pagament anticipat de les sessions seg\u00fcents per poder confirmar noves cites.<\/li>\n\n\n\n<li>Limitar o suspendre temporalment la possibilitat de programar noves visites.<\/li>\n\n\n\n<li>En casos de reiteraci\u00f3 continuada, finalitzar el seguiment terap\u00e8utic al centre, informant pr\u00e8viament el pacient.<\/li>\n<\/ul>\n\n<p class=\"wp-block-paragraph\">Aquestes mesures s&#8217;aplicaran sempre amb l&#8217;objectiu de garantir una correcta organitzaci\u00f3 del centre i una atenci\u00f3 justa per a la resta de pacients.<\/p>\n","protected":false},"excerpt":{"rendered":"<p>Pol\u00edtica de cancelaci\u00f3 A FisioCraneo treballem amb cita pr\u00e8via per poder oferir una atenci\u00f3 personalitzada i de qualitat a cada pacient. Per al bon funcionament &#8230; <a title=\"Pol\u00edtica de cancel\u00b7laci\u00f3\" class=\"read-more\" href=\"https:\/\/www.fisiocraneo.com\/ca\/politica-de-cancellacio\" aria-label=\"More on Pol\u00edtica de cancel\u00b7laci\u00f3\">Read More<\/a><\/p>\n","protected":false},"author":5,"featured_media":0,"parent":0,"menu_order":0,"comment_status":"closed","ping_status":"closed","template":"","meta":{"footnotes":""},"class_list":["post-3606","page","type-page","status-publish"],"_links":{"self":[{"href":"https:\/\/www.fisiocraneo.com\/ca\/wp-json\/wp\/v2\/pages\/3606","targetHints":{"allow":["GET"]}}],"collection":[{"href":"https:\/\/www.fisiocraneo.com\/ca\/wp-json\/wp\/v2\/pages"}],"about":[{"href":"https:\/\/www.fisiocraneo.com\/ca\/wp-json\/wp\/v2\/types\/page"}],"author":[{"embeddable":true,"href":"https:\/\/www.fisiocraneo.com\/ca\/wp-json\/wp\/v2\/users\/5"}],"replies":[{"embeddable":true,"href":"https:\/\/www.fisiocraneo.com\/ca\/wp-json\/wp\/v2\/comments?post=3606"}],"version-history":[{"count":1,"href":"https:\/\/www.fisiocraneo.com\/ca\/wp-json\/wp\/v2\/pages\/3606\/revisions"}],"predecessor-version":[{"id":3607,"href":"https:\/\/www.fisiocraneo.com\/ca\/wp-json\/wp\/v2\/pages\/3606\/revisions\/3607"}],"wp:attachment":[{"href":"https:\/\/www.fisiocraneo.com\/ca\/wp-json\/wp\/v2\/media?parent=3606"}],"curies":[{"name":"wp","href":"https:\/\/api.w.org\/{rel}","templated":true}]}}

Política de cancel·lació

<h1 class="wp-block-heading">Política de cancelació</h1>

<p class="wp-block-paragraph">A FisioCraneo treballem amb cita prèvia per poder oferir una atenció personalitzada i de qualitat a cada pacient. Per al bon funcionament del centre i amb la finalitat de poder oferir aquestes cites als pacients que es troben en llista d&#8217;espera, és imprescindible una gestió responsable de les reserves. </p>

<p class="wp-block-paragraph">Per aquest motiu, tota cita que <strong>no es realitzi</strong> o que sigui <strong>cancel·lada</strong> sense un <strong>avís previ d&#8217;almenys 48 hores d&#8217;antelació</strong> serà considerada com a no atesa i es cobrarà el <strong>50 % de l&#8217;import de la visita</strong>.</p>

<p class="wp-block-paragraph">L&#8217;abonament d&#8217;aquest import serà necessari abans de poder programar una nova cita.<br/>Agraïm la teva comprensió i col·laboració, ja que aquesta mesura ens ajuda a optimitzar l&#8217;agenda, reduir els temps d&#8217;espera i oferir el millor servei possible a tots els nostres pacients.</p>

<p class="wp-block-paragraph">En cas que les inassistències o les cancel·lacions fora de termini es repeteixin, el centre es reserva el dret de:</p>

<ul class="wp-block-list">
<li>Sol·licitar el pagament anticipat de les sessions següents per poder confirmar noves cites.</li>



<li>Limitar o suspendre temporalment la possibilitat de programar noves visites.</li>



<li>En casos de reiteració continuada, finalitzar el seguiment terapèutic al centre, informant prèviament el pacient.</li>
</ul>

<p class="wp-block-paragraph">Aquestes mesures s&#8217;aplicaran sempre amb l&#8217;objectiu de garantir una correcta organització del centre i una atenció justa per a la resta de pacients.</p>

<p>Política de cancelació A FisioCraneo treballem amb cita prèvia per poder oferir una atenció personalitzada i de qualitat a cada pacient. Per al bon funcionament &#8230; <a title="Política de cancel·lació" class="read-more" href="https://www.fisiocraneo.com/ca/politica-de-cancellacio" aria-label="More on Política de cancel·lació">Read More</a></p>
